alculate the remainder when 2078632 is divided by 4823.
4742
Calculate the remainder when 441711 is divided by 36.
27
Calculate the remainder when 84098 is divided by 829.
369
What is the remainder when 19882329 is divided by 479?
476
What is the remainder when 32394 is divided by 90?
84
What is the remainder when 3158851 is divided by 121472?
579
What is the remainder when 2018551 is divided by 173?
160
Calculate the remainder when 2412642 is divided by 18417.
15
What is the remainder when 883885 is divided by 55242?
13
What is the remainder when 157948577 is divided by 232?
193
Calculate the remainder when 4882095 is divided by 4992.
4911
Calculate the remainder when 3249 is divided by 44.
37
What is the remainder when 207578691 is divided by 811?
808
Calculate the remainder when 109433458 is divided by 24.
10
Calculate the remainder when 566620 is divided by 375.
370
What is the remainder when 310703 is divided by 180?
23
What is the remainder when 971956 is divided by 2627?
2593
Calculate the remainder when 2794373 is divided by 23.
11
What is the remainder when 14120901 is divided by 89?
72
What is the remainder when 4795 is divided by 4761?
34
Calculate the remainder when 2817 is divided by 1747.
1070
What is the remainder when 27320 is divided by 344?
144
What is the remainder when 35319 is divided by 10544?
3687
What is the remainder when 485073 is divided by 161553?
414
Calculate the remainder when 16609 is divided by 5529.
22
What is the remainder when 39456081 is divided by 30?
21
Calculate the remainder when 402844190 is divided by 558.
554
Calculate the remainder when 33207357 is divided by 2767267.
153
Calculate the remainder when 552409 is divided by 1493.
1492
What is the remainder when 18792115 is divided by 18792107?
8
What is the remainder when 2388896 is divided by 150?
146
What is the remainder when 82511115 is divided by 4694?
4677
Calculate the remainder when 118298231 is divided by 3159.
3158
Calculate the remainder when 1623323 is divided by 78.
65
What is the remainder when 1885269 is divided by 942445?
379
What is the remainder when 61553 is divided by 180?
173
Calculate the remainder when 15417 is divided by 643.
628
Calculate the remainder when 685531 is divided by 5960.
131
Calculate the remainder when 13551599 is divided by 169.
165
What is the remainder when 291772 is divided by 9720?
172
Calculate the remainder when 59986 is divided by 28.
10
Calculate the remainder when 1325309 is divided by 848.
733
What is the remainder when 17330441 is divided by 669?
665
Calculate the remainder when 113580587 is divided by 4200.
4187
Calculate the remainder when 16321985 is divided by 480057.
47
What is the remainder when 6928208 is divided by 445?
3
What is the remainder when 480155 is divided by 777?
746
What is the remainder when 165695 is divided by 23653?
124
Calculate the remainder when 88267 is divided by 6302.
39
What is the remainder when 26183714 is divided by 20?
14
Calculate the remainder when 1415116 is divided by 5340.
16
What is the remainder when 3297 is divided by 98?
63
What is the remainder when 34656 is divided by 133?
76
What is the remainder when 299616524 is divided by 73?
69
Calculate the remainder when 3476294 is divided by 579381.
8
What is the remainder when 418889 is divided by 78?
29
Calculate the remainder when 207142 is divided by 20684.
302
Calculate the remainder when 709591 is divided by 709010.
581
What is the remainder when 43848434 is divided by 152782?
0
What is the remainder when 18422434 is divided by 9342?
10
Calculate the remainder when 257208 is divided by 235.
118
What is the remainder when 9369698 is divided by 9369654?
44
Calculate the remainder when 16696 is divided by 1095.
271
What is the remainder when 4618840 is divided by 300?
40
What is the remainder when 153847 is divided by 3865?
3112
What is the remainder when 594673347 is divided by 25?
22
What is the remainder when 9539268 is divided by 4769631?
6
What is the remainder when 196394 is divided by 65386?
236
Calculate the remainder when 78330 is divided by 5948.
1006
Calculate the remainder when 29063 is divided by 9652.
107
Calculate the remainder when 193448258 is divided by 89.
83
What is the remainder when 66916 is divided by 33384?
148
What is the remainder when 167254757 is divided by 1745?
1742
What is the remainder when 12308215 is divided by 202?
153
Calculate the remainder when 602225 is divided by 730.
705
Calculate the remainder when 48628 is divided by 47853.
775
What is the remainder when 942588 is divided by 117760?
508
Calculate the remainder when 285370 is divided by 747.
16
What is the remainder when 868107020 is divided by 333?
329
What is the remainder when 1442 is divided by 451?
89
Calculate the remainder when 13454175 is divided by 471.
60
What is the remainder when 191405 is divided by 1002?
23
What is the remainder when 56456 is divided by 28145?
166
What is the remainder when 10277696 is divided by 722?
26
What is the remainder when 166629 is divided by 828?
201
Calculate the remainder when 460267 is divided by 1125.
142
What is the remainder when 236383 is divided by 76?
23
Calculate the remainder when 486343 is divided by 146.
17
What is the remainder when 1496425 is divided by 3669?
3142
What is the remainder when 8964136 is divided by 112?
104
Calculate the remainder when 13595230 is divided by 478.
432
Calculate the remainder when 548078 is divided by 4453.
359
Calculate the remainder when 28551927 is divided by 35.
12
Calculate the remainder when 127151 is divided by 125752.
1399
What is the remainder when 4044074 is divided by 9?
5
What is the remainder when 197810 is divided by 49229?
894
Calculate the remainder when 7791443 is divided by 199.
195
Calculate the remainder when 23465 is divided by 490.
435
What is the remainder when 5033990 is divided by 98?
24
What is the remainder when 640780 is divided by 9375?
3280
What is the remainder when 23186374 is divided by 753?
751
What is the remainder when 5170586 is divided by 1111?
1103
Calculate the remainder when 54549 is divided by 4462.
1005
What is the remainder when 778561 is divided by 257240?
6841
What is the remainder when 564914 is divided by 4955?
44
Calculate the remainder when 30832799 is divided by 725.
724
Calculate the remainder when 142633 is divided by 962.
257
Calculate the remainder when 227678 is divided by 22153.
6148
What is the remainder when 59194738 is divided by 5507?
5502
Calculate the remainder when 21776818 is divided by 2419646.
4
Calculate the remainder when 204363 is divided by 29192.
19
Calculate the remainder when 842314 is divided by 14266.
620
Calculate the remainder when 53786647 is divided by 12419.
12377
Calculate the remainder when 6117578 is divided by 2418.
38
What is the remainder when 36783436 is divided by 5633?
5579
Calculate the remainder when 4965373 is divided by 993020.
273
What is the remainder when 1552588 is divided by 310517?
3
What is the remainder when 38340095 is divided by 384?
383
Calculate the remainder when 15070806 is divided by 2621.
56
What is the remainder when 2887285 is divided by 1178?
7
What is the remainder when 5437431 is divided by 364?
363
Calculate the remainder when 317093 is divided by 405.
383
What is the remainder when 209533 is divided by 128?
125
Calculate the remainder when 165719 is divided by 615.
284
Calculate the remainder when 519096 is divided by 5521.
122
Calculate the remainder when 491859 is divided by 30720.
339
Calculate the remainder when 228163 is divided by 228154.
9
Calculate the remainder when 329713 is divided by 54942.
61
Calculate the remainder when 863654 is divided by 287725.
479
Calculate the remainder when 272697 is divided by 20968.
113
Calculate the remainder when 121756 is divided by 3639.
1669
Calculate the remainder when 331078 is divided by 3566.
3006
What is the remainder when 786076 is divided by 3891?
94
Calculate the remainder when 52117494 is divided by 3043.
33
Calculate the remainder when 3138038 is divided by 80461.
59
Calculate the remainder when 102490349 is divided by 3666.
3653
What is the remainder when 346991981 is divided by 6992?
6989
What is the remainder when 3947312 is divided by 602?
600
Calculate the rem